late l(w).
1
Let m(i) = -i**2 - 8*i - 11. Let f be (-82)/11 - 6/11. Calculate m(f).
-11
Let x(n) = 11*n**3 - 19*n**2 - 7*n - 13. Let b(k) = 5*k**3 - 9*k**2 - 3*k - 6. Let g(j) = 13*b(j) - 6*x(j). Let t = -389 + 385. Give g(t).
4
Suppose n + 3*n - 22 = 5*t, -5 = -5*n - 5*t. Let v = n - 0. Let i = v - 4. Let l(s) = -2*s + 1. Determine l(i).
3
Let o(j) = j**3 + 6*j**2 + 9*j - 2. Let k be o(-4). Let i be 0/(-2) - 12/k. Let l(x) = x - 3*x**2 + 7*x**2 - 2*x**i + x**3 + 2*x**2 + 1. Give l(-4).
-3
Let m(u) = 2*u**3 - 5*u**2 + 3*u. Let d be m(2). Let j(n) = 108*n**2 + 4 + 4*n - 214*n**2 + 107*n**d. Calculate j(-5).
9
Suppose 4*s - 3 = 2*v - 7, 3*s - 3*v = -9. Suppose k - 3 = -y - 2*k, 4*y + k = s. Let c(x) be the second derivative of -x**3/6 - x**2/2 - x. What is c(y)?
-1
Let d(f) be the first derivative of 3*f**2 - 11 + f + 1/3*f**3. Determine d(-7).
8
Let q be (-34)/(-10) - 6/15. Let j(z) be the first derivative of z**3/3 - z**2/2 - 4*z - 41. Determine j(q).
2
Suppose 5*s + 4 = -1. Suppose 21 - 69 = -4*b. Let r be 1/((4 + s)/b). Let h(k) = k. What is h(r)?
4
Let d(q) = -4*q - 2 - 1 + 1. Let l(t) = -9*t - 3. Let p = -15 - -8. Let v(o) = p*d(o) + 3*l(o). Give v(-5).
0
Let l(j) = -j - 3. Let d(y) = y + 4. Let g(a) = -3*d(a) - 4*l(a). Let m(v) = v**2 - 4*v + 1. Let b be 1/(8/4 - 3). Let z(h) = b*m(h) - 3*g(h). Determine z(-3).
-13
Let x(n) = -18*n**2 + 0 - 11 + n + 0*n**2 + 3 + 10. Calculate x(-1).
-17
Suppose -o + 10 = b, -b = -4*b + 6. Suppose -i - o = -5*i. Suppose i = p + p. Let c(q) = -3*q**2 - q + 1. Determine c(p).
-3
Let s(n) = 2 - 25*n - n**2 - 8*n + 35*n. Determine s(3).
-1
Let k(f) = f**2 - 6. Let a be k(0). Let i(z) = z - 3. What is i(a)?
-9
Suppose 0 = -2*z + 5*w + 7, 0 = z - w + 3 - 5. Let v(m) = -15*m**2 + 1. What is v(z)?
-14
Let q(j) = 3*j - 1. Let s be q(2). Let r(u) be the third derivative of -1/60*u**5 + u**2 + 1/3*u**3 + 1/6*u**4 + 0 + 14*u. Determine r(s).
-3
Let u(j) be the second derivative of -j**3/6 - 2*j**2 + 28*j. Let k(n) = 2*n**2 + 2*n - 1. Let w be k(-2). Let v = -1 - w. Determine u(v).
0
Let j = 14 + -20. Let z(t) = -65*t + 6. Let h(k) = 119*k - 11. Let w(c) = -6*h(c) - 11*z(c). Calculate w(j).
-6
Let d(z) be the first derivative of -z**2 + 7*z - 18. What is d(6)?
-5
Let o(n) = -n**3 + 8*n**2 - 6*n - 5. Let j be o(7). Let q(v) be the first derivative of -3*v**2/2 + v - 3. Calculate q(j).
-5
Let c(f) = -2*f - 3. Let h be (-1)/((14/(-2))/(-49)). Give c(h).
11
Let b(g) = 3*g**2 + 1. Let f(l) = -l**3 + 10*l**2 + 15*l - 45. Let n be f(11). What is b(n)?
4
Let y(o) = 16*o. Suppose 5*f = -4*z - 1, 5*f - 16*z = -21*z. Calculate y(f).
-16
Let l(g) = -7*g + 3 - 2 - 8*g**2 + 3*g - g**3. Calculate l(-7).
-20
Let a be -6*-25*(-6)/60 - 0. Let i(j) = j + 26. Give i(a).
11
Let z(r) be the third derivative of 0*r + 1/6*r**4 - 1/6*r**3 + 19*r**2 + 0. Let j = 4 - 2. What is z(j)?
7
Let z(c) = -3*c - 2. Let s(w) = 4*w + 1. Let u(f) = 5*f + 1. Let x(y) = -4*s(y) + 3*u(y). Let a(b) = 5*x(b) - 2*z(b). Calculate a(-4).
-5
Suppose 5*j + o = 6 + 16, -4 = -3*j + 4*o. Suppose -5*k + j*i = -18, -k + 9 = 2*i - 3. Let c(m) = m**3 - 6*m**2 + m + 1. Give c(k).
7
Let n(x) = 7*x**2 + 10*x + 8. Let c(s) = -5*s**2 - 7*s - 8. Let r(l) = -3*c(l) - 2*n(l). Let t = -1 - -1. Give r(t).
8
Suppose 0 = -5*y + 10, 0 = 3*b - b + 3*y - 14. Suppose 21 = 2*u + 4*t - 25, 0 = b*u + 4*t - 76. Let a = 14 - u. Let q(s) = -7*s. Determine q(a).
7
Suppose 3*u + 2 - 3 = 4*v, 0 = -u + 2*v + 1. Let x(s) = -s**3 - 5*s**2 + 8*s + 7. Let c(h) = h**2 - h - 1. Let b(w) = 6*c(w) + x(w). Determine b(u).
1
Let o = -178 - -178. Let h(r) = -6 + 0 + r - 1 + 0*r**2 + r**2. Give h(o).
-7
Let n be (-33)/11 + (72 - -1). Let r = n - 68. Let l(s) = s**2 - 1. Determine l(r).
3
Let g(i) = -i - 6. Suppose -5*r + 5*o = -3*r - 35, 15 = 4*r + o. Suppose 5*c = -3*p + 34, -10 = -r*p + 5. Determine g(c).
-11
Let w be 6 - 4 - (-1 - 2). Let n(m) = m**3 - 5*m**2 - 8*m + 7. What is n(w)?
-33
Let o(q) = -q - 4. Let b be o(-3). Let l(d) = -100*d**2 + 74*d**2 + 10*d - 9*d + 17*d**2. Determine l(b).
-10
Let r(d) = 6*d - 53 + 32 + 33. Give r(-7).
-30
Let m(v) = v**3 - 2*v**2 - 10*v. Let u(c) = -3*c**2 - 8*c - 1. Let i(r) = -2*m(r) + 3*u(r). Give i(-2).
1
Let t(q) be the third derivative of 2*q**3 - 15*q**2 + 0 + 1/60*q**5 + 0*q + 11/24*q**4. Give t(-8).
-12
Let y(d) = d**2 - 5. Suppose -413 = 5*s - 433. Determine y(s).
11
Let a(s) = -26*s + 30. Let v(x) = 5*x - 6. Let g(m) = -3*a(m) - 16*v(m). Let n(d) = -d - 1. Let z be n(2). Let r be (-4)/10*(-13 - z). Calculate g(r).
-2
Let o(r) = -3*r**3 - r**2 - 2. Suppose -16 = -m - 17. Let u(q) = -q**3 - q**2 - 1. Let p(y) = m*o(y) + 2*u(y). Give p(-1).
-2
Let t be 2*(-3)/2 - 9. Let v = -9 - t. Let r(p) be the second derivative of -p**4/12 - p**3/3 - p**2 + 2*p. What is r(v)?
-17
Let q(v) = -1 - 2*v + 7 + v. Suppose 41 + 27 = 4*m - 2*o, -3*o = 4*m - 88. Let t = 24 - m. Give q(t).
1
Suppose 0 = 4*m - 20, -3*m + m = -2*y - 6. Let h(t) = t - 5*t - 2*t**2 + t**2 + y. Let s(o) = -o**3 + 2*o**2 + 2*o. Let v be s(3). Determine h(v).
5
Suppose s - 19 = -4*o, 2*s - 20 = -5*o + 3*o. Let a(i) = 2 + 4 - s + 2 + 2*i. Determine a(-3).
-5
Let k(f) = 1 - 1 - 3*f + 1 - 4. Give k(-2).
3
Let a(j) be the second derivative of -j**7/2520 - j**6/360 - j**5/60 - j**4/6 - 9*j. Let p(g) be the third derivative of a(g). What is p(-2)?
-2
Let j = 19011 - 19010. Let b(y) = -2*y**2 + y - 6. Let l(g) = -3*g**2 + g - 5. Let c(k) = -5*b(k) + 6*l(k). What is c(j)?
-7
Let c(y) = 7 + 18*y**2 + 197*y**3 - y - 67*y**3 - 66*y**3 - 65*y**3. What is c(18)?
-11
Let r(m) be the first derivative of 3*m**2 + 3*m - 22. Calculate r(-4).
-21
Let q(y) = y**2 - 2*y + 5*y**3 - 4 - 3*y**2 - 6*y**3 - 3*y**2. Give q(-4).
-12
Let n = 870 + -873. Let o(g) = -3*g**3 - 4*g**2 + 2*g + 3. Calculate o(n).
42
Let s be (6/18)/(((-2)/726)/1). Let g = s - -118. Let h(z) = z**2 + 2*z + 1. What is h(g)?
4
Let y = -34 + 49. Suppose 19*f - 14*f - y = 0. Let w(x) = 9*x - 12. Let m(l) = 3*l - 4. Let n(i) = -8*m(i) + 3*w(i). Give n(f).
5
Let q(v) be the second derivative of v**4/12 - 3*v**3/2 + 3*v**2/2 - 2*v + 11. Determine q(8).
-5
Let v(q) be the third derivative of 0 + 0*q - 8*q**2 + 5/24*q**4 + 1/2*q**3. Suppose 0 = 5*p - 87 + 72. Determine v(p).
18
Suppose -2*g - 16 + 64 = 0. Suppose g = -9*y + y. Let x(j) = j**3 + 4*j**2 + j + 1. Calculate x(y).
7
Suppose -k - 23 + 29 = 0. Let s(z) be the second derivative of 0 - 5/2*z**2 + k*z - z**3 - 1/12*z**4. Determine s(-5).
0
Let h(s) = 0 + s**3 - 3*s - 3*s**2 - 4 + 3. Suppose -4*l - 17 = -5*t - 21, 4*t = 3*l - 2. Calculate h(t).
3
Let g(p) = p**2 + p + 1. Let t(w) = 4*w**2 - w - 2. Let s(x) = -2*g(x) - t(x). Let v be ((-1)/(-2))/(6/(-72)). Let h(q) = 2*q + 13. Let f be h(v). Give s(f).
-7
Let c = -9 - -11. Suppose -8 = -3*b - p + c*p, p = -5*b + 8. Let i(j) = 6*j**2 - 4 - j**2 - 3*j + 7 - 4*j**b. Determine i(3).
3
Let u(l) = 9*l**3 + 4*l**2 - l + 8. Let b(f) = -5*f**3 - 2*f**2 + f - 4. Let o(i) = 5*b(i) + 3*u(i). What is o(-2)?
-8
Let r(m) = 5*m**2 - 12*m + 7. Let l(g) = 6*g**2 - 13*g + 7. Suppose 16*i - 14*i = 10. Let a(s) = i*r(s) - 4*l(s). Calculate a(9).
16
Let j be ((-1)/2 + (-345)/(-736))*-4. Let v(x) be the third derivative of 5*x**2 + 0*x + 0 - j*x**4 - 1/6*x**3. Give v(-1).
2
Let q(n) be the second derivative of n**7/420 + n**6/720 + n**5/120 - n**4/3 - 12*n. Let f(k) be the third derivative of q(k). Give f(-1).
6
Suppose -3 + 7 = 2*j. Let g(p) = 24*p**2 - j*p - 1 - 14*p**2 - 20*p**2. Suppose -2*a - 2*a = -v - 1, -18 = -2*a + 4*v. Determine g(a).
-9
Let d(z) = -66 - 74 + 2*z + 137 - 3*z - 5*z**2. Determine d(2).
-25
Let r(b) = -b**2 - 10*b - 11. Suppose 38*x + 188 = -116. Determine r(x).
5
Let v(h) be the first derivative of h**3/3 + 6*h**2 + 32*h - 416. What is v(-8)?
0
Let p(d) = d**3 - d + 37. Let s be p(0). Let n = s - 44. Let k(x) = -x. Give k(n).
7
Let d(m) = -7*m + 9. Let v(f) = 6*f - 6. Let l(j) = 5*d(j) + 6*v(j). Determine l(-7).
2
Let i(h) = 12*h + 5. Let g(y) = 13*y + 6. Let b(s) = -6*g(s) + 7*i(s). Suppose -3*z - 2*z = 3*p - 25, z - 5 = -5*p. Let w be (p - 6/3) + 1. Calculate b(w).
-7
Let f(m) = 3*m + 2. Let s be (2 + -2 + 2)/(-1). Let g be f(s). Let b(c) be the third derivative of c**4/12 + 2*c**3/3 - 9*c**2 - 8. Give b(g).
-4
Let q(a) = -a**3 + 8*a**2 - 6*a - 10. Let v(l)